{"id":82,"date":"2012-06-26T13:55:19","date_gmt":"2012-06-26T13:55:19","guid":{"rendered":"http:\/\/psykologi.gl\/?page_id=82"},"modified":"2012-09-19T10:49:20","modified_gmt":"2012-09-19T10:49:20","slug":"nunamed-oplaeg-2003-dansk","status":"publish","type":"page","link":"https:\/\/psykologi.gl\/?page_id=82","title":{"rendered":"Nunamed opl\u00e6g 2003 (dansk)"},"content":{"rendered":"<p>Vi vil diskurtere vores hypotese om vi i de senere \u00e5r ser et \u00f8get antal af b\u00f8rn med alvorlige tidlige f\u00f8lelsesm\u00e6ssige\u00a0 skader og personlighedsforstyrrelser p\u00e5 vores d\u00f8gninstitutioner \u2013 og freml\u00e6gge vores ideer om behandling af disse b\u00f8rn.<\/p>\n<p>&nbsp;<\/p>\n<p>Vores tema er alts\u00e5 det stigende antal af b\u00f8rn som<\/p>\n<ul>\n<li>er vanskelige \u2013 om ikke umulige \u2013 at n\u00e5 i almindelig kontakt<\/li>\n<li>er vanskelige \u2013 om ikke umulige \u2013 at lave tilknytning til<\/li>\n<li>lider af mangel p\u00e5 tillid og tiltro til sig selv og andre<\/li>\n<li>lider af mangel p\u00e5 evner til at udsvikle sociale f\u00e6rdigheder<\/li>\n<\/ul>\n<p>&nbsp;<\/p>\n<p>Vi kender disse b\u00f8rn andre steder i verden som \u201dtidlig skadede b\u00f8rn\u201d, men indtil for nylig har vi haft meget f\u00e5 af dem her i Gr\u00f8nland<\/p>\n<p>Vi har haft b\u00f8rn med problemer i forvaltningen af deres f\u00f8lelser, men de har som regel en fornemmelse af, hvad tilknytning er og det er muligt at engagere dem i ansvarlighed i en vis grad. Her vil vi referere til de to forskellige grupper af b\u00f8rn som hhv. \u201dde nye\u201d og \u201dde gamle\u201d b\u00f8rn, fordi vi i denne sammenh\u00e6ng ikke interesserer os for b\u00f8rnenes differentialdiagnose men for m\u00e5den, hvorp\u00e5 de reagerer p\u00e5 p\u00e6dagogisk behandling.<\/p>\n<p>Behandling af disse b\u00f8rn kr\u00e6ver en meget struktureret p\u00e6dagogik. Forudsigelighed og genkendelighed er n\u00f8gleord eller kernebegreber i behandlingen. Vi m\u00f8der ofte den formodning, at n\u00e5r man skal arbejde s\u00e5 m\u00e5lrettet og struktureret, s\u00e5 m\u00e5 det v\u00e6re meget tungt og trist for b\u00f8rnene, uden sjov eller gl\u00e6de i dagligdagen. For at understrege, at dette ikke er tilf\u00e6ldet, har Torben lavet en billedserie af b\u00f8rnene fra Meqqat Illuat, som vi viser samtidig med opl\u00e6gget. S\u00e5 mens jeg siger de tunge og alvorlige ord om dette emne, viser Torbens billeder det, som er det virkeligt vigtige, nemlig at respekt og\u00a0 forudsigelighed i det daglige arbejde med disse b\u00f8rn g\u00f8r det muligt for dem at oparbejde vitalitet \u2013 og gl\u00e6den f\u00f8lger af sig selv.<\/p>\n<p>B\u00f8rnene har naturligvis deres vbanskeligheder ved at acceptere strukturen i starten Det kan v\u00e6re n\u00f8dvendigt at fysisk fastholde b\u00f8rnene i visse situationer for at forhindre dem i at skade sig selv eller andre, og det er n\u00f8dt tila t v\u00e6re en del at behandlingen at s\u00f8ge at skabe forbindelse inde i barnet til f\u00f8lelser og emotioner \u2013 og at tr\u00e6ne ham til at kanalisere f\u00f8lelser og emotioner i acceptable m\u00e5der. Det er del at at tr\u00e6ne hans selvst\u00e6ndighed, og I vil se p\u00e5 billederne, at almindelige daglige arbejdsopgaver, s\u00e5vel som ekspeditioner, fiskeri og jagt bruges som redskaber i arbejdet. Og I vbil se, at det meste af tiden under behandlingen ikke er tung og trist \u2013 s\u00e5, billederne er ikke kun til forn\u00f8jelse \u2013 det er del af opl\u00e6gget.<\/p>\n<p>Og vi vil venligts bede jer holde b\u00e5de \u00f8jne og \u00f8rer \u00e5bne for at tage ind fra begge kanaler. Hvis I g\u00f8r det, f\u00e5r I en smagspr\u00f8ve p\u00e5 den polarisering, man m\u00f8der i behandlingsarbejdet med skadede b\u00f8rn \u2013 og en smagspr\u00f8ve p\u00e5 kravet om at v\u00e6re \u00e5ben p\u00e5 alle kanaler, hvis du \u00f8nsker at f\u00e5 en dybere kontakt med b\u00f8rn, som er enten uvant med eller ligefrem bange for kontakt.<\/p>\n<p>&nbsp;<\/p>\n<p><strong>Selve opl\u00e6gget<\/strong><\/p>\n<p>Vores hypotese er groet ud af vores viden om konkrete b\u00f8rns livshistorier. Der er mange ligheder mellem de \u201dnye\u201d og de \u201dgamle\u201d b\u00f8rns livshistorier \u2013 og der er en bestemt forskel, som er faldet os i \u00f8jnene:<\/p>\n<p>B\u00e5de \u201dnye\u201d og \u201dgamle\u201d b\u00f8rn kommer fra familier med mange psykiske og sociale problemer, og der er typisk ogs\u00e5 misbrug af en eller anden slags i familien: Alkohol, vold, seksuelle overgreb optr\u00e6der som dele af historien b\u00e5de hos de \u201dgamle\u201d og de \u201dnye\u201d b\u00f8rn. S\u00e5 de har alle oplevet alvorlig omsorgssvigt, vanr\u00f8gt og\/eller mishandling.<\/p>\n<p>Ofte ser vi desuden alvorlige traumer i b\u00f8rnenes liv, s\u00e5som selvmord eller drab i den n\u00e6rmeste familie. Alt dette er generelt for d\u00f8gninstitutionsanbragte b\u00f8rn, b\u00e5de de \u201dnye\u201d og de \u201dgamle\u201d: Alvorlig omsorgssvigt &#8211; misbrugsm\u00f8nstre som en integreret del af deres liv og med tendens til at \u00f8ve indflydelse p\u00e5 ders personlighed fra tidlig alder. S\u00e5 hvorfor er nogle b\u00f8rn i stand til at knytte sig til andre mennesker mens andre ikke er? \u2013 samme historie \u2013 forskellige liv \u2026<\/p>\n<p>Der er en bem\u00e6rkelsesv\u00e6rdig forskel p\u00e5 livshistorierne\u00a0 og den handler om deres tidlige alder. I vores arbejde bruger vi genogrammet som redskab til at f\u00e5 overblik over b\u00f8rnenes familier, og n\u00e5r vi arbejder med genogrammet, opdager vi, at det er let at f\u00e5 \u00f8je p\u00e5 ressourcerige familiemedlemmer blandt de voksne i de \u201dgamle\u201d b\u00f8rns familier, mens det er sv\u00e6rt at finde ressourcerige familiemedlemmer id e \u201dnye\u201d b\u00f8rns familier. Der er en fatal mangel p\u00e5 voksne mennesker, som har vist sig i stand til at klare tilv\u00e6relsen selvst\u00e6ndigt.<\/p>\n","protected":false},"excerpt":{"rendered":"<p>Vi vil diskurtere vores hypotese om vi i de senere \u00e5r ser et \u00f8get antal af b\u00f8rn med alvorlige tidlige f\u00f8lelsesm\u00e6ssige\u00a0 skader og personlighedsforstyrrelser p\u00e5 vores d\u00f8gninstitutioner \u2013 og freml\u00e6gge vores ideer om behandling af disse b\u00f8rn. &nbsp; Vores tema er alts\u00e5 det stigende antal af b\u00f8rn som er vanskelige \u2013 om ikke umulige \u2013 [&hellip;]<\/p>\n","protected":false},"author":1,"featured_media":0,"parent":20,"menu_order":0,"comment_status":"closed","ping_status":"closed","template":"","meta":{"footnotes":""},"class_list":["post-82","page","type-page","status-publish","hentry"],"_links":{"self":[{"href":"https:\/\/psykologi.gl\/index.php?rest_route=\/wp\/v2\/pages\/82","targetHints":{"allow":["GET"]}}],"collection":[{"href":"https:\/\/psykologi.gl\/index.php?rest_route=\/wp\/v2\/pages"}],"about":[{"href":"https:\/\/psykologi.gl\/index.php?rest_route=\/wp\/v2\/types\/page"}],"author":[{"embeddable":true,"href":"https:\/\/psykologi.gl\/index.php?rest_route=\/wp\/v2\/users\/1"}],"replies":[{"embeddable":true,"href":"https:\/\/psykologi.gl\/index.php?rest_route=%2Fwp%2Fv2%2Fcomments&post=82"}],"version-history":[{"count":4,"href":"https:\/\/psykologi.gl\/index.php?rest_route=\/wp\/v2\/pages\/82\/revisions"}],"predecessor-version":[{"id":211,"href":"https:\/\/psykologi.gl\/index.php?rest_route=\/wp\/v2\/pages\/82\/revisions\/211"}],"up":[{"embeddable":true,"href":"https:\/\/psykologi.gl\/index.php?rest_route=\/wp\/v2\/pages\/20"}],"wp:attachment":[{"href":"https:\/\/psykologi.gl\/index.php?rest_route=%2Fwp%2Fv2%2Fmedia&parent=82"}],"curies":[{"name":"wp","href":"https:\/\/api.w.org\/{rel}","templated":true}]}}